en m is divided by 7?
5
Let a be (-24)/9 + 4/6. Let t be (-14 - 1)*(a - -1). Suppose -61 = -4*f + t. Calculate the remainder when f is divided by 5.
4
Suppose 20 = -g + 6*g. Let d = 2 - g. Calculate the remainder when ((-3)/d + -1)*22 is divided by 4.
3
Suppose -a = -3, -4*q - 145 = 3*a - 2*a. Suppose 0*i = -r + 3*i - 51, 2*i - 118 = 2*r. Let t = q - r. What is the remainder when t is divided by 9?
8
Let v(p) = p**2 + 11*p + 3. Calculate the remainder when v(5) is divided by 28.
27
Suppose -x + 196 = p + 3*p, x + 140 = 3*p. Calculate the remainder when p is divided by 17.
14
Let c(l) = -l**2 + 8*l - 5. Let w be c(6). Let o = -3 + w. Let i = o - -61. Calculate the remainder when i is divided by 22.
21
Let r be ((-7)/2 + 2)*-6. Suppose -1 + r = -2*m. Calculate the remainder when 3879/117 + m/26 is divided by 17.
16
Suppose -14*n + 179 + 129 = 0. What is the remainder when n is divided by 10?
2
Suppose -6 = -2*q + 20. Calculate the remainder when q is divided by 8.
5
Suppose 2*f + f + 4*t = 34, 54 = 4*f + t. Let l(d) = 27*d**2 + d + 1. What is the remainder when l(-1) is divided by f?
13
Suppose 3*c - 16 = -4*o + 7*c, 0 = -2*o + c + 9. Suppose -3*h + v + 228 - 5 = 0, -373 = -o*h + 3*v. Calculate the remainder when h is divided by 19.
17
Let u = -30 - -45. What is the remainder when 58 is divided by u?
13
Suppose -6*m + 145 = -m. Suppose 3*c + 20 = 50. Calculate the remainder when m is divided by c.
9
Let v = -8 - -20. Calculate the remainder when 46 is divided by v.
10
Suppose -348 = -4*m - 28. Calculate the remainder when m is divided by 27.
26
Calculate the remainder when 2 - (2 + -1) - 738/(-9) is divided by 12.
11
Let o = 1 - -14. Calculate the remainder when 2/5*(144 + 1) is divided by o.
13
Suppose -14*q + 9*q = -145. Calculate the remainder when q is divided by 9.
2
Suppose 0 = 4*j - 6*j + 6, 4*j = -2*f + 298. What is the remainder when f is divided by 49?
45
Let j(v) = 5*v**3 + 4*v**2 - 4*v + 3. Calculate the remainder when j(2) is divided by 27.
24
Suppose -2*o + 4 = -0*o. Suppose 0*s = o*s - 18. Calculate the remainder when s is divided by 5.
4
Suppose -d = 3*g - 8, -d = -0*d + 4*g - 4. Calculate the remainder when 39 is divided by d.
19
Let s(t) = t**3 - 7*t**2 + 7*t - 1. Let v be s(6). Let r(i) = 2*i - 2. Suppose 2*x - 7*x = -15. Calculate the remainder when r(v) is divided by x.
2
Let f(u) = -4*u - 4. Let n be f(-4). Suppose -2*v = -5*l + 6, 4*v + 3*l - n = 2. Calculate the remainder when 1 + (-7)/(14/(-8)) is divided by v.
1
Let b = 32 + -16. What is the remainder when (2 + -3)*(9 - 56) is divided by b?
15
Let i be 6/(-9)*6/(-2). Suppose 4*s - 62 = i. What is the remainder when 29 is divided by s?
13
Let v(z) = -11*z - 1. Calculate the remainder when v(-2) is divided by (-4)/12 + (-136)/(-12).
10
Suppose 8 = 4*n + 2*i, -2*n - 2*i - 2*i - 8 = 0. Suppose -4*m = -0*m + a + 23, -n*m = -3*a + 27. What is the remainder when 2*38/(-8)*m is divided by 15?
12
Calculate the remainder when 4 is divided by ((-4)/5)/((-2)/5).
0
Suppose -5*m + 2*v = -24 + 7, -2*v + 23 = 3*m. Suppose 0 = -2*d + m*w + 1, -2*d + 7 = w - 24. Calculate the remainder when 2/(-1 + (-39)/(-37)) is divided by d.
11
Suppose -s + 0*s - 2 = 0. What is the remainder when ((-78)/4 + 1)*s is divided by 13?
11
Let t = 7 + -13. Let s = -1 - t. Suppose -4*j + 3*j + 2*c = -1, 4*c + 5 = 3*j. What is the remainder when s is divided by j?
2
Let x be -1 - 3/(2 - -1). Let w(n) = 7*n**2 + n. Let f = 8 + 1. What is the remainder when w(x) is divided by f?
8
Suppose 0 = 3*w - 31 - 2. Suppose -2*g + 9 = -w. What is the remainder when g is divided by 4?
2
Let t = -16 - -27. Calculate the remainder when 31/(-3 + 4) + 0 is divided by t.
9
Let g(u) = -u. Let w(p) = p**3 + 5*p**2 - 4*p + 1. Let s(z) = -2*g(z) - w(z). Let t be s(-6). Calculate the remainder when ((-2)/6)/(t/51) is divided by 6.
5
Suppose 7*s - 37 = 3*s - n, -46 = -4*s + 2*n. Suppose z - 9 = -h, -z = 5*h - s*h - 39. Calculate the remainder when 25 is divided by z.
11
Let b = -20 - -29. Suppose 3*q = b + 12. Suppose -100 = 3*s - 8*s. Calculate the remainder when s is divided by q.
6
Let u be 6/(-4)*-2*1. Suppose 4*c + 4*y - 12 = -0*y, u*c - 2 = 4*y. What is the remainder when 7*c + -1 - 2 is divided by 6?
5
Suppose l - 4*a = 4, -4*a - 12 = -2*l - 0. Let n(b) = 3*b**2 + 0*b**2 - 2 + b - 2*b**2 - 3*b. What is the remainder when n(6) is divided by l?
6
Let n = 2 - 0. Suppose 1 = -m - n*t, 0*t - 16 = -4*m + 2*t. Suppose -r + 2*v = -9, m*v = 5*r - 8 - 30. What is the remainder when 12 is divided by r?
5
What is the remainder when 45 is divided by 5*12*(-6)/(-15)?
21
Let x = -1 + 3. Suppose -2*u + 90 = 3*u. What is the remainder when (106/(-8))/(x/(-8)) is divided by u?
17
Let h = -130 + 295. What is the remainder when h is divided by 28?
25
Suppose 532 = -v + 5*v. Calculate the remainder when v is divided by 46.
41
Let n(o) = 5*o - 13. Calculate the remainder when 33 is divided by n(5).
9
Let v be (2/3)/((-3)/(-225)). Suppose -5*b + v = x - 6*x, 2*b - 24 = -2*x. Calculate the remainder when 32 is divided by b.
10
Suppose -8*y = -4*y - d - 20, 12 = -3*d. Suppose 0 = -2*l - y*c - 16, -l + 4*c = -13 - 9. Suppose l*w = 47 - 11. What is the remainder when w is divided by 10?
8
Let d = -3 - -4. What is the remainder when d is divided by 10/4*(-2)/(-5)?
0
Suppose 4*z - 9 = 27. What is the remainder when 33 is divided by z?
6
Calculate the remainder when 73 is divided by -122*1/(-6) - 4/3.
16
Let w be (3/6 + -2)*-2. Suppose 2*b = -w*j + 7*b + 33, b = -2*j + 22. What is the remainder when 21 is divided by j?
10
Suppose 2*y - 4*y = -24. Suppose 3*z - 14 = 7. What is the remainder when y is divided by z?
5
Let c(n) = 40*n - 7. Let k(g) = 13*g - 2. Let q(f) = 4*c(f) - 11*k(f). What is the remainder when q(5) is divided by 27?
25
Suppose -7*v = -0*v - 161. What is the remainder when v is divided by 11?
1
Suppose 0 = -j - 2*j. Suppose 0 = -i - j*i. Suppose -y + 28 + 15 = -4*o, i = 2*y + 3*o - 75. What is the remainder when y is divided by 20?
19
Let r = -229 - -485. What is the remainder when r is divided by 43?
41
Let r be 2 + 3 + 2 - 2. What is the remainder when 32 + -3 - (3 - r) is divided by 11?
9
Let g = 9 - 7. Let b(r) = -4*r**2 + 11*r - 11. Let n(t) = t**2 - 4*t + 4. Let l(y) = g*b(y) + 7*n(y). Calculate the remainder when 19 is divided by l(-5).
8
Suppose -22 - 30 = -4*y. What is the remainder when 23 is divided by y?
10
Let q = -1 - -9. Let u be 3*(1 - 124/6). Let p = -36 - u. Calculate the remainder when p is divided by q.
7
Let i = 79 + -65. Let g = 10 - 6. Calculate the remainder when i is divided by g.
2
Let c = 35 + -18. Let o = c + -11. Suppose 2 + o = 4*r. What is the remainder when 3 is divided by r?
1
Let h = -63 - -145. What is the remainder when h is divided by 17?
14
Let b = -13 + 15. Suppose 0 = b*u - 6*u + 16. Calculate the remainder when u is divided by (6 + (-4)/2)/2.
0
Let x = 67 + -30. What is the remainder when 145 is divided by x?
34
Let i(m) = -2*m + 26. Let h = 7 + -10. Let r = 1 - h. What is the remainder when i(8) is divided by r?
2
Let k = 5 - 3. Calculate the remainder when 1 is divided by (-10)/(-14) + k/7.
0
Let m be 7/5 - (-8)/(-20). Let d = 35 - m. Suppose w = -w + d. What is the remainder when 50 is divided by w?
16
Suppose 5*p = 6*p - 16. Suppose -2*h - p = -4*h. What is the remainder when 13 is divided by h?
5
What is the remainder when 45 is divided by 0 + 12 - (13 + -13)?
9
Suppose s + 3*u - 49 = 0, u = s - 3*u - 21. Calculate the remainder when s is divided by 13.
11
Suppose -2*w + 114 = w + 3*g, w - 3*g - 26 = 0. Calculate the remainder when w is divided by 18.
17
Let f(r) = 3*r. Let b be f(1). Let p = b - 1. Calculate the remainder when p is divided by 2.
0
Let t be 30 - (-2 + 3 - 2). Suppose 157 = 4*x + 5*s - 2*s, 2*s = x - t. Calculate the remainder when x is divided by 13.
11
Let d(t) = t**3 + 16*t**2 - t - 4. What is the remainder when 47 is divided by d(-16)?
11
Suppose g = 4*d - 43 + 17, -2*d + 2*g = -10. Let k = 11 - d. What is the remainder when 6 is divided by k?
2
Let t = 21 + 26. Let y = 15 + 1. Calculate the remainder when t is divided by y.
15
Suppose -84 = -9*b + 2*b. Calculate the remainder when 47 is divided by b.
11
Calculate the remainder when 98 is divided by (9/2 + 1)*2*3.
32
Le